0*u = -v + u + 32, k = v + u - 38. Is v a prime number?
False
Let d = -695 - -988. Suppose 5*u - d = -n - n, -n + 4 = 0. Suppose -4*l - 7*i + 2*i + 76 = 0, -3*i = 3*l - u. Is l composite?
False
Suppose 13*n - 2*n - 1331 = 0. Is n a prime number?
False
Suppose 6*g - 3*g - 273 = 0. Is g composite?
True
Let w = 349 - 62. Suppose -g - 3*g + 208 = 4*c, 4*c + w = 5*g. Is g composite?
True
Suppose -x + 18 = 60. Is (0 + -2)*x/4 prime?
False
Let s(v) = 7*v - 2. Let l be s(1). Suppose -5*k + 2354 = -3*t, -4*k - l*t = -t - 1864. Is k prime?
False
Let k(i) be the third derivative of 7*i**5/15 + 3*i**4/8 - i**3/2 + i**2. Is k(-4) prime?
True
Suppose 3*y - 3*d - 383 = -5*d, -4*d + 512 = 4*y. Is y prime?
True
Suppose 151 = 4*k + 4*f + f, -5*k + 2*f = -164. Suppose q = 51 + k. Is q prime?
False
Let t be 0/(-3*(-1)/3). Suppose s + t*s - 48 = f, 4*f + 63 = s. Is s prime?
True
Let f(a) = a**2 + 7*a + 9. Is f(-10) a composite number?
True
Is (3 + -4)*(2 - 189)/1 a composite number?
True
Suppose j = 319 - 2181. Is j/(-4) + (-27)/(-18) composite?
False
Suppose -163 + 36 = -t. Is t a composite number?
False
Let s(u) = 3*u**3 - 3*u**2 - u + 5. Let y be (8/4)/(1/2). Is s(y) a prime number?
False
Let a be (-31)/(-5) + (-1)/5. Suppose 0 = a*x - 3*x, -2*i - 3*x = -42. Is i prime?
False
Let q(h) = 7*h - 5. Let i be q(6). Suppose n = -2*j + 2*n + i, 5*j - 97 = -2*n. Is j a prime number?
True
Suppose 0 = 2*s + 4*r, 2*s + 0*r - 4*r = 0. Suppose -2*p - 2*l + 844 - 140 = s, -2*l = -4*p + 1414. Is p composite?
False
Let m = 200 - 51. Is m composite?
False
Suppose 2*f = -0*v + 5*v + 2508, 2 = v. Is f prime?
True
Let y be (2/(-6))/(8/(-72)). Is y*-26*(-3)/6 a composite number?
True
Suppose -k - 3*r + r + 59 = 0, 3*k + 2*r - 177 = 0. Is k a composite number?
False
Is 20/(-5) - -745 - -2 composite?
False
Let a = 2 - 4. Is (5/15)/(a/(-84)) a composite number?
True
Let u(m) = -7*m**2 + 3*m - 6. Let s(o) = 6*o**2 - 2*o + 5. Let y(p) = -6*s(p) - 5*u(p). Let b be y(-7). Let l = 67 + b. Is l composite?
True
Suppose 5*j = -2*g + 753, 0 = -2*g - 3*j + j + 756. Is g a prime number?
True
Suppose d - 563 = -205. Is d prime?
False
Is 4/(-6) - 44/(-3) a prime number?
False
Suppose 2*w + 4*h - 340 = 0, -2*w - 554 = -5*w + 5*h. Is w composite?
True
Suppose -3*r - r = -120. Suppose 8 = 2*f - r. Is f composite?
False
Suppose 254 = t - 77. Is t prime?
True
Let g = -7 + 16. Suppose g + 6 = -5*a. Is (-2)/3 - 23/a a composite number?
False
Let n(p) = -p**2 - 2*p - 1. Let a be n(-1). Suppose -2*c + a*c = 4. Is 19/(2*c/(-4)) a prime number?
True
Suppose 5*h = -q + 158, 9*h - 2*q = 4*h + 149. Is h a composite number?
False
Is (-8)/4 - (-259 + 0) a prime number?
True
Suppose -4*t - 3*c = -7*c + 60, 5*t = 2*c - 84. Let f = 39 + t. Is f a prime number?
False
Suppose -355 = -2*u - 3*u. Suppose -3*f + 4*g = -u, 2 = -g - 0. Suppose -f = -2*l + 161. Is l composite?
True
Let j(t) = 3*t**2 - t + 1. Let n be j(1). Suppose -b - 332 = -n*o - 0*b, 555 = 5*o - 2*b. Is o a prime number?
True
Let y(l) = 11*l**2 + 10*l - 47. Is y(-16) composite?
False
Is (-76)/19*(-1 - 0) composite?
True
Let t(x) = 177*x**2 + x - 1. Is t(2) a prime number?
True
Let s be 1/(-3) - (-35)/15. Is 0 + (1 - -150 - s) composite?
False
Let v(o) = -25*o + 9. Let x(b) = b + 1. Let z(p) = -v(p) + 6*x(p). Suppose 4*y = 5*d - 4*d + 7, -3 = -3*d. Is z(y) prime?
True
Let a(h) = -19*h - 60. Is a(-17) composite?
False
Suppose -2*o + 3*a = 3*o - 37, -5*a = 2*o - 21. Is o/12 - (-463)/3 composite?
True
Suppose 6*r - r + 25 = 0. Let j(u) = u**3 + 6*u**2 + 7*u + 3. Let k be j(r). Is -2*k/4*2 a composite number?
False
Let f = 517 - 326. Is f prime?
True
Suppose -k + 0*k = 0. Suppose 5*x - 213 - 52 = k. Is x a prime number?
True
Suppose 8 = 4*r, r = -4*y - r + 1176. Is y composite?
False
Is (-3 - -4)/((-3)/(-381)) composite?
False
Let c(z) be the second derivative of 0 - 1/6*z**3 + 77/12*z**4 - 1/2*z**2 + 2*z. Is c(-1) a prime number?
False
Suppose -4*i = -4*m + 2136, -m + 4*i = i - 544. Is m composite?
True
Suppose 2*t - 6 = -0. Suppose -u + 4*v = -27, 0 = -v - t + 5. Is u a composite number?
True
Suppose -o - 16 + 7 = 0. Is (2 + o/3)*-295 a prime number?
False
Let y = 40 - 58. Let d be ((-75)/12)/(1/(-4)). Let t = d + y. Is t prime?
True
Suppose -z - 2*z - 26 = -h, 3*z = -9. Suppose 2*c = 3 + h. Is (-2)/c - (-168)/15 a composite number?
False
Let a = 55 + -20. Is a a composite number?
True
Suppose -6 = i - 4*y - 0*y, -i - 2 = -2*y. Suppose c = -4*d - 8 + 43, -i*d = -8. Is c a composite number?
False
Suppose -3*c = -2*j + 41, 0 = 5*j - 0*c - 5*c - 110. Suppose 229 + j = 2*y. Is y a prime number?
True
Let a(w) = -w**3 + 17*w**2 + 12*w + 7. Let b be a(10). Suppose -2078 = -5*y - g, -2*y + g = -0*y - b. Is y a composite number?
True
Let p(g) = g**3 - 10*g**2 + 17*g - 23. Is p(12) prime?
False
Let q(t) = -12*t - 9. Let m be q(-5). Let r(i) = -i**3 - 6*i**2 - i + 2. Let o be r(-5). Let d = o + m. Is d prime?
False
Let a be 28/6 - (-4)/(-6). Let h = -3 + a. Is (-2 + 21/1)*h a composite number?
False
Suppose -17*s + 12185 = -12*s. Is s a composite number?
False
Let l = -5 + 9. Suppose l*k = 5*k - 3. Suppose k*n = 20 + 82. Is n composite?
True
Suppose 93 = 2*k + k + 4*p, 5*p = -3*k + 93. Suppose 5*w + 116 = 4*m - k, -117 = -3*m - 3*w. Suppose -2*x - m = -4*x. Is x composite?
False
Let g = 2821 + -425. Is g/10 + (-6)/10 composite?
False
Suppose -2*p - 3*a = -1054 + 248, 4*a + 8 = 0. Suppose p = -2*y + 4*y. Is y prime?
False
Let c(r) = -27*r + 5. Is c(-6) a prime number?
True
Let b(i) = -i + 1. Let t(s) = 54*s**2 - 5*s + 6. Let y(l) = -5*b(l) + t(l). Is y(-1) prime?
False
Suppose 0 = -3*o + 1 + 5. Let y be 6/4*o - 1. Suppose y*r + 0*r = -5*l + 375, l + 5*r = 52. Is l a prime number?
False
Suppose -5*a - 4*g = -701, 0*a = 3*a - 3*g - 426. Suppose -5*s + 0*s = 0. Suppose o + 2*o - a = s. Is o prime?
True
Suppose 4 = -4*b - 4*t, -3*b + 8*b + 25 = 5*t. Is (50/(-6) + -2)*b composite?
False
Suppose 4*n - 7 = 5*b, -3*b + 3 = n - 3. Suppose -m - b = -0. Let u = 8 + m. Is u a prime number?
True
Suppose 12 = 3*t - 2*t. Suppose 3*c + 5*x = 26, t = c + c + 2*x. Is 2*1/c - -22 composite?
False
Is (-499)/(-2)*(2 + 0) prime?
True
Let d(t) = t**3 - 6*t**2 + 4. Let n be d(6). Suppose n*i + i - 1115 = 0. Is i composite?
False
Let f = -23 - -14. Is (-6)/f - (-1924)/12 composite?
True
Let d = 112 - -7. Is d a composite number?
True
Is (-8)/(-12) + 22/(-6) - -700 a prime number?
False
Let j = 108 - 25. Is j a prime number?
True
Suppose -6*s + 3678 = -0*s. Is s composite?
False
Let h(o) = 3*o**3 - 35*o**2 + 3*o - 4. Let r(c) = 2*c**3 - 23*c**2 + 2*c - 3. Let b(i) = -5*h(i) + 8*r(i). Let v be b(9). Suppose v*p - p - 148 = 0. Is p prime?
True
Suppose -2*u + 2*p = -156, 5*u - 2*p - 218 - 187 = 0. Is u a prime number?
True
Let w(h) = -h**2 - 4*h + 4. Let y be w(-3). Suppose -2*i - 286 = -y*i + 3*k, -2*k + 52 = i. Suppose 2*x - i = 42. Is x a composite number?
True
Let d(x) = x**2 - 2*x - 1. Let v be d(3). Suppose v*g = -45 + 179. Is g prime?
True
Let b(y) = 21*y**3 + 9*y**2 - 12*y + 15. Let c(l) = -11*l**3 - 4*l**2 + 6*l - 7. Let r(x) = -3*b(x) - 7*c(x). Is r(3) composite?
False
Let p(m) = -m**3 + 15*m**2 + 7*m + 4. Let j(w) = w**3 - 14*w**2 - 7*w - 3. Let c(i) = 7*j(i) + 6*p(i). Is c(9) composite?
True
Suppose 3*r = 5*r + 16. Is 475/(-10)*r/10 a composite number?
True
Let a be (22/(-6))/(1/3). Let c(l) = 2*l**2 + 13*l + 16. Is c(a) a composite number?
True
Is 3 - -93*2 - -2 a composite number?
False
Suppose 1099 = 5*y - 1246. Is y a prime number?
False
Let z(w) = w**3 + 2*w**2 - 2*w + 1. Let g be z(1). Is (127/g)/((-2)/(-4)) a composite number?
False
Suppose 14*m + 0*m = 33838. Is m a prime number?
True
Let h(w) = w**3 + 4*w**2 - 6*w + 7. Let c be h(-5). Let y = 14 + c. Let z = y + 0. Is z prime?
False
Suppose -t - 2*d = 0, -3*d - 9 = -t - 2*t. Let h(a) be the first derivative of 3*a**2/2 - 3*a + 2. Is h(t) composite?
False
Let j(q) = -14*q + 1. Is j(-1) prime?
False
Suppose 2934 = r + 5*a, 5*r + 7*a = 3*a + 14565. Is r a prime number?
True
Suppose 3*t - 4*t = -2*n - 10, 2*t = -5*n - 43. Let f = n - -118. Is f prime?
False
Let v = -300 - -796. Suppose -4*p + v = -768. Suppose -p = -5*y + 99. Is y prime?
True
Let l(d) = 49*d**2 - 5*d. Let u be l(-4). Suppose 0 = -2*m + 6*m + u. Is ((m - 0)/(-